{"id":706,"date":"2020-11-17T10:06:22","date_gmt":"2020-11-17T10:06:22","guid":{"rendered":"http:\/\/fellingshausen.bibibo.info\/?page_id=706"},"modified":"2021-02-12T11:51:00","modified_gmt":"2021-02-12T11:51:00","slug":"25-jahre-natur-und-vogelschutzverein-fellingshausen","status":"publish","type":"page","link":"https:\/\/fellingshausen.bibibo.info\/?page_id=706","title":{"rendered":"25 Jahre Natur- und Vogelschutzverein Fellingshausen"},"content":{"rendered":"\n<div class=\"wp-block-image\"><figure class=\"aligncenter size-large\"><img loading=\"lazy\" decoding=\"async\" width=\"370\" height=\"534\" src=\"https:\/\/fellingshausen.bibibo.info\/wp-content\/uploads\/2021\/02\/Backhaus-Fellingshausen.png\" alt=\"\" class=\"wp-image-6623\" srcset=\"https:\/\/fellingshausen.bibibo.info\/wp-content\/uploads\/2021\/02\/Backhaus-Fellingshausen.png 370w, https:\/\/fellingshausen.bibibo.info\/wp-content\/uploads\/2021\/02\/Backhaus-Fellingshausen-208x300.png 208w\" sizes=\"auto, (max-width: 370px) 100vw, 370px\" \/><figcaption>Auf der 1. Etage des Backhauses ist der Verein zu finden.<\/figcaption><\/figure><\/div>\n\n\n\n<p>Tag der offenen T\u00fcr und festlicher Abend<br>In den Vereinsr\u00e4umen beginnen die Feierlichkeiten zum 25j\u00e4hrigen Jubil\u00e4um am 11. September um 15 Uhr. Beim Tag der offenen T\u00fcr steht das Vereinsdomizil allen offen. Es gibt Infotafeln und Schauw\u00e4nde, nat\u00fcrlich stehen die Mitglieder f\u00fcr Fragen zur Verf\u00fcgung. Kaffee, Kuchen und Getr\u00e4nke frei. Die T\u00fcren des Backhauses schlie\u00dfen sich um 18 Uhr. Dann geht es mit dem offiziellen Teil weiter im Gasthaus &#8222;Zur Post&#8220;. Zu den Ehreng\u00e4sten geh\u00f6ren der Vorsitzende des NaBu-Kreisverbandes Gie\u00dfen, Dr. Achim Zedler, B\u00fcrgermeister Thomas Bender und Ortsvorsteher Rudi Gerlach. Schriftf\u00fchrerin Constanze Gude wird als Chronistin die Geschichte des Vereins offenlegen und Michael Gerth von den &#8222;Jungf\u00fcchsen&#8220; berichten. Geehrt werden die Gr\u00fcnder und alle im Gr\u00fcndungsjahr hinzugekommenen Mitglieder. Auch der inzwischen verstorbenen Mitglieder wird gedacht.<\/p>\n\n\n\n<p>Biebertal (m). Vor 25 Jahren wurde der Natur- und Vogelschutzverein Fellingshausen gegr\u00fcndet &#8211; und kann stolz sein auf das Erreichte. Am 20. September 1985 wurde der NVF im Landgasthof &#8222;Zum D\u00fcnsberg&#8220; aus der Taufe gehoben. Zu den Gr\u00fcndern geh\u00f6ren Reinhard Schleenbecker, Hans-Dieter Kienholz, Walter Pausch, Klaus Gi\u00df, Arnold Schmidt, Karl Mauracher, Michael Gerth, Ewald Kienholz, Martin Waldschmidt, Herbert H\u00f6rr, Johann Reindl, Werner Gerlach, Dieter Haus, Rolf Gerth und Andreas Wagner sowie die beiden inzwischen verstorbenen Mitglieder, Hans-Martin Velten und Heinz Waldschmidt. Wer mit wachem Auge und Sinn f\u00fcr die Natur einen Spaziergang durch die Gemarkung von Fellingshausen unternimmt, wird wahrnehmen, was durch ehrenamtliches Engagement der Mitglieder bewegt wurde. Durch Pflanzaktionen, Anlegen von Feuchtbiotopen und Pflegearbeiten wurde nicht nur der Lebensraum f\u00fcr eine artenreiche Flora und geschaffen, erhalten und verbessert, sondern auch das Landschaftsbild gepr\u00e4gt. Schutz und Hilfe f\u00fcr gef\u00e4hrdete Tier- und Pflanzenarten, insbesondere V\u00f6gel der &#8222;Roten Liste&#8220;, sind Programm.<br>Reinhard Schleenbecker &#8211; der am heutigen Dienstag \u00fcbrigens seinen 81. Geburtstag feiert &#8211; wurde von der ersten Mitgliederversammlung im Oktober 1985 zum Vorsitzenden gew\u00e4hlt. Bis 1998 stand er an der Spitze, bevor Rolf Gerth seine Nachfolge antrat und bis heute die Geschicke des Vereins lenkt, der 86 Mitglieder plus 50 Kinder und Jugendliche z\u00e4hlt.<\/p>\n\n\n\n<p>Sorge f\u00fcr 275 Nistk\u00e4sten<br>Was man nach Vereinsgr\u00fcndung vorfand, war ein durchaus \u00fcppiger Bestand an alten Obstb\u00e4umen sowie anderer Geh\u00f6lze. Die galt es zu erhalten. Durch die Kommune wurden Neupflanzungen finanziert, durch die der Bestand so sukzessive erg\u00e4nzt wurde. Unter sach- und fachkundiger Anleitung Mitwirkung der NVF-Mitglieder konnten bislang \u00fcber 200 hochst\u00e4mmige Obstb\u00e4ume gepflanzt werden. Pflanzschwerpunkte waren die Gemarkungsbereiche Bauroth, Langer Wald und der Weg zum &#8222;Stumme Loch&#8220;. Hinzu kamen an anderen Stellen Pflanzungen von 70 weiteren gro\u00dfw\u00fcchsigen B\u00e4ume wie beispielsweise Feldahorn und Winterlinde und von weit \u00fcber 300 sonstigen Feldgeh\u00f6lzen, allesamt ausgew\u00e4hlt unter dem Aspekt Standortgerechtigkeit. \u00dcber alles hat der Beisitzer und ehemalige Schriftf\u00fchrer Walter Pausch genau Buch gef\u00fchrt. Das mit 6000 Quadratmeter gr\u00f6\u00dfte geschlossene Areal, das der Verein bearbeitete, umfasst den ehemaligen Tagebau am &#8222;Stumme Loch&#8220;. An vielen anderen Stellen wurden au\u00dferdem kleine Teiche und T\u00fcmpel angelegt.<\/p>\n\n\n\n<p>Gro\u00dfe Aufmerksamkeit widmet man nach wie vor dem Vogelschutz: <br>Arbeiten sind da das Aufh\u00e4ngen, Kontrollieren und Reinigen sowie Nummerieren der Nistk\u00e4sten und das Registrieren des Besatzes. 275 Nistk\u00e4sten und Bruth\u00f6hlen wurden aufgeh\u00e4ngt und werden betreut. Der Vorsitzende ist auch Beauftragter der Vogelschutzwarte Hessen. F\u00fcr den Vorder-, den Hinter- und den Kehlbach existieren Bachpatenschaften und eine solche hat der Verein auch f\u00fcr ein Privatgrundst\u00fcck, das Bruhn\u2019sche Grundst\u00fcck, \u00fcbernommen. Im Laufe der Jahre wurden 45 Ruheb\u00e4nke in Feld, Wald und Flur aufgestellt, die ebenfalls immer in Schuss gehalten werden m\u00fcssen.<\/p>\n\n\n\n<p>\u00d6ffentlichkeitsarbeit ist wichtig, um glaubw\u00fcrdig zu sein und die Menschen f\u00fcr den Umwelt- und Naturschutz zu sensibilisieren, im g\u00fcnstigsten Fall zum Mitmachen zu gewinnen, sagt Rolf Gerth. <br>Gro\u00dfes Ziel ist, den Natur- und Umweltschutzgedanken in den K\u00f6pfen zu verankern.<\/p>\n\n\n\n<p>Der Verein l\u00e4dt zu naturkundlichen Wanderungen ein, unternimmt Tagesfahrten, wirkt bei der &#8222;Aktion saubere Landschaft&#8220; und bei Arbeiten der Landschaftspflegegemeinschaft mit und ist fester und wichtiger Bestandteil der Dorf- und Vereinsgemeinschaft. Kein Brunnenfest ohne die Mitwirkung des NVF, der auch Heimatpflege betreibt. Um an den Bergbau zu erinnern, der lange Zeit den Alltag auch der Fellingsh\u00e4user mitbestimmte, wurde ein Wagen der Eisenerz-F\u00f6rderanlage nachgebaut. Mit dem erregte man bei Ochsenfesten in Wetzlar und bei Hessentagen schon viel anerkennende Aufmerksamkeit.<\/p>\n\n\n\n<p>Im April vor zw\u00f6lf Jahren gab es weiteren Aufschwung im Verein &#8211; die Gr\u00fcndung einer Jugendgruppe sichert den Bestand der Mitglieder. Mit Engagement und Ideenreichtum, mit Sachkenntnis und viel Herz leitete Michael Gerth die &#8222;Jungf\u00fcchse&#8220;. Rund 50 Mitglieder z\u00e4hlt die Gruppe &#8211; nicht immer sind sie vollz\u00e4hlig bei den unterschiedlichen Unternehmungen und auch nicht alle bleiben bei der Stange, aber noch keines ist d\u00fcmmer geworden. Lehrer der Grundschule Fellingshausen &#8222;Am Keltentor&#8220; best\u00e4tigten bei den Feierlichkeiten zum zehnten Geburtstag der &#8222;Jungf\u00fcchse&#8220;, dass diese Kinder einen deutlichen Wissensvorsprung beim naturkundlichen Unterricht h\u00e4tten.<\/p>\n\n\n\n<p>Gabi Seibert und Petra D\u00f6nges unterst\u00fctzen Michael Gerth bei der verantwortungsvollen Aufgabe und Anfangs waren auch noch Heike Arnold und Bettina Kienholz als Helfer mit dabei. Da werden Nachtwanderungen organisiert und tagscheue Tiere beobachtet, pflanzenkundliche Wanderungen unternommen, da geht\u2019s in den Wald, um den Waldarbeitern beim F\u00e4llen von B\u00e4umen \u00fcber die Schultern zu schauen und zu erfahren, wie fr\u00fcher mit Pferde Holz ger\u00fcckt wurde und welcher technischer Wandel sich durch den Einsatz von Erntemaschinen vollzogen hat. Zu den &#8222;Jungf\u00fcchsen&#8220; zu geh\u00f6ren, ist eben immer ein Erlebnis. Eisdielen- und Schwimmbadbesuche oder Zeltlager runden das Programm ab. Die Bem\u00fchungen des Vereins um den Nachwuchs wurden belohnt mit dem Agenda-Preis der Gemeinde 2005 und ein Jahr sp\u00e4ter wurde die gleiche Auszeichnung den &#8222;Jungf\u00fcchsen&#8220; selbst zugesprochen. Die waren sogar im Fernsehen, als vor gut drei Jahren der HR mit dem &#8222;Dollen Dorf&#8220; in Fellingshausen Station machte und das Team um Jens K\u00f6lker im altehrw\u00fcrdigen Backhaus filmte. <br>Dort wo einst die Ratsstube war, \u00fcber der &#8222;Backstobb&#8220;, befinden sich die R\u00e4umlichkeiten des NVF, die dieser seit sechs Jahren nutzt.<\/p>\n\n\n\n<p>Der Vorstand im Jubil\u00e4umsjahr<br>Vorsitzender Rolf Gerth; 2. Vorsitzender Willi R\u00f6mer; Kassiererin Sigrid Balser; Schriftf\u00fchrerin Constanze Gude; Stellvertr.Schriftf\u00fchrer Volker Mattern; Beisitzer Ewald Kienholz, Walter Pausch; Beisitzer Jugendgruppe Jonas Rentrop, Klaus Gerlach; Jugendleiter Michael Gerth. Stellvertretende Jugendleiterin Gabi Seibert. (Foto: Archiv, m)<\/p>\n\n\n\n<p>Quelle: Gie\u00dfener Allgemeine, 20.08.2010, Volker Mattern<br><a rel=\"noreferrer noopener\" href=\"https:\/\/www.giessener-allgemeine.de\/kreis-giessen\/biebertal-ort848760\/jahre-natur-vogelschutzverein-fellingshausen-12122997.html\" target=\"_blank\">https:\/\/www.giessener-allgemeine.de\/kreis-giessen\/biebertal-ort848760\/jahre-natur-vogelschutzverein-fellingshausen-12122997.html<\/a><\/p>\n","protected":false},"excerpt":{"rendered":"<p>Tag der offenen T\u00fcr und festlicher AbendIn den Vereinsr\u00e4umen beginnen die Feierlichkeiten zum 25j\u00e4hrigen Jubil\u00e4um am 11. September um 15 Uhr. Beim Tag der offenen T\u00fcr steht das Vereinsdomizil allen offen. Es gibt Infotafeln und Schauw\u00e4nde, nat\u00fcrlich stehen die Mitglieder f\u00fcr Fragen zur Verf\u00fcgung. Kaffee, Kuchen und Getr\u00e4nke frei. Die [&hellip;]<\/p>\n","protected":false},"author":3,"featured_media":0,"parent":0,"menu_order":0,"comment_status":"closed","ping_status":"closed","template":"","meta":{"inspiro_page_layout":"narrow","inspiro_hide_title":false,"footnotes":""},"class_list":["post-706","page","type-page","status-publish","hentry"],"_links":{"self":[{"href":"https:\/\/fellingshausen.bibibo.info\/index.php?rest_route=\/wp\/v2\/pages\/706","targetHints":{"allow":["GET"]}}],"collection":[{"href":"https:\/\/fellingshausen.bibibo.info\/index.php?rest_route=\/wp\/v2\/pages"}],"about":[{"href":"https:\/\/fellingshausen.bibibo.info\/index.php?rest_route=\/wp\/v2\/types\/page"}],"author":[{"embeddable":true,"href":"https:\/\/fellingshausen.bibibo.info\/index.php?rest_route=\/wp\/v2\/users\/3"}],"replies":[{"embeddable":true,"href":"https:\/\/fellingshausen.bibibo.info\/index.php?rest_route=%2Fwp%2Fv2%2Fcomments&post=706"}],"version-history":[{"count":3,"href":"https:\/\/fellingshausen.bibibo.info\/index.php?rest_route=\/wp\/v2\/pages\/706\/revisions"}],"predecessor-version":[{"id":6625,"href":"https:\/\/fellingshausen.bibibo.info\/index.php?rest_route=\/wp\/v2\/pages\/706\/revisions\/6625"}],"wp:attachment":[{"href":"https:\/\/fellingshausen.bibibo.info\/index.php?rest_route=%2Fwp%2Fv2%2Fmedia&parent=706"}],"curies":[{"name":"wp","href":"https:\/\/api.w.org\/{rel}","templated":true}]}}